-2*m = f + 18, f + 2*f = 2*m + 2. Let w = m - -5. Let z(a) = 3*a**2 + 3*a. Calculate z(w).
6
Let y(o) = 2*o - 2. Let d(q) = -q + 1. Let g(n) = 7*d(n) + 4*y(n). Suppose 0 = -4*h - 0*h - 20. Let b be g(h). Let f(j) = j**2 + 7*j + 7. Calculate f(b).
1
Let f(k) be the third derivative of -k**6/360 - k**5/24 + k**4/4 - 5*k**3/6 - 9*k**2. Let w(n) be the first derivative of f(n). What is w(-6)?
0
Let m = -2 + 5. Suppose -l = l + 8. Let v be l/m*9/(-6). Let o(r) = r**2 + 2*r - 3. Calculate o(v).
5
Let a(b) = -8*b + 7*b + 9*b + 0*b. Determine a(-3).
-24
Let l(s) be the second derivative of -s**4/3 - s**3/6 + 33*s. What is l(2)?
-18
Suppose -3*g + 3 = -4*g. Let c(s) = s**2 + s - 2. Calculate c(g).
4
Let u be (8/6)/((-12)/18). Let q be (-10)/(-8) - u/(-8). Let i(s) = -3*s**3 + 2*s**2 - s. Give i(q).
-2
Let b(d) be the first derivative of d**3/3 + 7*d**2/2 - 6*d - 2. Determine b(-7).
-6
Let f(w) = -w**2 + w + 11. Suppose 0 = 19*z - 11*z. Calculate f(z).
11
Let u(m) = 2*m + 19. Let z be u(-7). Let n = 3 - 1. Suppose 5*d = -z*k - 30, -5*k = -d - n*k + 6. Let b(a) = -a**2 - 4*a - 2. Give b(d).
1
Let i(w) = w**3 + 5*w**2 + 7*w + 4. Let f = -13 + 17. Suppose b + k + 7 = 0, 0*b = 2*b - 4*k - f. Calculate i(b).
-8
Let s(q) = -2*q - 2 + 3*q + 0. Let x be s(2). Let i(d) = -1 + d**3 + 649*d + d**2 - 649*d. What is i(x)?
-1
Suppose 3*i = -2*i + 30. Let o(p) = 3*p - 3. Determine o(i).
15
Suppose -5 - 1 = 2*h. Let o(r) = r**2 + 4*r + 2. What is o(h)?
-1
Let a(c) = c**2 - c + 6. Let q = -94 + 94. Give a(q).
6
Let u = -5 + 18. Let g = -8 + u. Suppose -q - 12 = -g*q. Let b(f) = 2*f + 2. Determine b(q).
8
Let f(x) be the second derivative of x**4/12 + 5*x**3/6 - 5*x**2/2 - x. Let h(j) = -j + 4. Let o be h(7). Let k be -3 + o*(-6)/(-9). Give f(k).
-5
Let r(d) = -d - 1. Suppose 2*j = -2*w, -3*w - 3*j = -2*j + 8. Give r(w).
3
Let u(i) = i + 1 - 1. Let l(t) = -t + 1. Let v(w) = 5*l(w) + 6*u(w). Let s(q) = -q**3 - 7*q**2 + 9*q + 8. Let b be s(-8). What is v(b)?
5
Let g(b) = -3 + 1 - 4 - b + 0. Give g(-6).
0
Let j(l) = l**2 - l - 2. Suppose -4*t + 5*n = -18, -4*t - 4*n + 10 = -5*n. Suppose 0 = -t*a - 5*q + 34 - 10, 4*a + 8 = 4*q. What is j(a)?
0
Let a(o) = -16*o + 1. Let c(g) = -15*g. Let u(l) = 4*a(l) - 5*c(l). Let p(y) = 4*y + 1. Let n(i) = -8*p(i) + 3*u(i). Give n(-5).
-1
Let u(c) = -c - 3. Let b be -51 - (12/(-3) + 1). Let r be ((-1)/(-2))/((-4)/b). Suppose 5 = -5*t + 2*f, t - 3*f = r*t + 30. What is u(t)?
0
Let g(b) = -5 + 2*b - 2 + 4. Give g(5).
7
Let x(y) = -y**2 - 3*y + 1 - 1 - 5*y + 2. Give x(-6).
14
Let l(c) = -c**3 + 15*c**2 - 14*c - 20. Let p be l(14). Let s be ((-45)/p)/((-3)/(-8)). Let a(k) = -k**2 + 5*k + 1. Determine a(s).
-5
Let n be 0/2*(-1)/2. Suppose -3*b - 18 = -5*v, -4*v - 2*b + 35 = 3. Suppose n*u = -u - o - 3, -4*u - o - v = 0. Let j(h) = 2*h**3 + h + 1. What is j(u)?
-2
Let p be 1*(0 + 0 + 2). Let l(b) = b - b**p + 0*b**2 - 3 - 5*b. Let c(o) = o - 14. Let f be c(11). Determine l(f).
0
Let o(n) = -9*n**2 + n + 1 - 1 + 11*n**2 + 1. Let b = 23 + -13. Suppose -s = f + 6, -s - b = -0*f + 5*f. What is o(f)?
2
Let g(k) = 2*k - 5*k**3 + 2*k + 6*k**3 - 3 - 2 + 6*k**2. Give g(-5).
0
Let a = -67 - -70. Let s(p) = 2*p**3 - 2*p**2 - 2*p. What is s(a)?
30
Let y(d) = -4*d**2 - 5*d**3 - 9 - d + 4*d**3 + 4. What is y(-4)?
-1
Let z(d) = 6*d + 0 + 6 - 7. Determine z(-1).
-7
Let v(u) = u + 2. Let f be v(4). Let i(z) = z**3 - 7*z**2 + 7*z - 3. What is i(f)?
3
Let c(i) = -8*i - 3. Let a(v) = -9*v - 4. Let u(l) = 2*a(l) - 3*c(l). Calculate u(1).
7
Suppose 0 = -c, -5*k - 2 = -c + 23. Let f(a) = -a**3 - 4*a**2 + 4*a - 4. Let r be f(k). Let v(d) = -8*d**2. Give v(r).
-8
Let t = 35 - 31. Let z(s) = -s**2 - 2 + 0*s**2 + 2*s + 5. Calculate z(t).
-5
Suppose 0 = 8*k - 2*k + 18. Let c(t) = -t**2 - 2*t + 2. Give c(k).
-1
Let a(j) = j - 8. Let s be a(6). Let c(u) = 0*u - 4 + 0 + 13*u - 9*u + 2. What is c(s)?
-10
Suppose 0*p - 5*p = 50. Let m be (-4)/6*(-45)/p. Let w(b) = -b**2 - 3*b + 1. What is w(m)?
1
Let l(d) = -6*d - 66. Let b be l(-12). Let q(u) = 5*u + 21. Let w(f) = 3*f + 14. Let h = -15 + 7. Let x(t) = h*w(t) + 5*q(t). Calculate x(b).
-1
Let m(u) be the second derivative of -u**4/12 + 2*u**3/3 + 4*u**2 - 4*u. Give m(6).
-4
Let l(c) = c**2 + c - 2. Let u be -1 - 8/12*-9. Let z(j) = j**3 - 4*j**2 - 6*j + 7. Let p be z(u). Give l(p).
4
Let d(i) = -3*i**2 + 3*i - 3. Let k be ((-30)/(-20))/(6/8). Determine d(k).
-9
Suppose -2*q + 5*a + 6 = -3, -3*a = 3. Let m(k) be the first derivative of -3/2*k**2 - 1/3*k**3 - q + 6*k. Calculate m(-5).
-4
Let h = -9/8 - -35/24. Let y(d) be the second derivative of h*d**3 - 2*d + 0 - 3*d**2. Give y(5).
4
Suppose 0 = -3*o + 4 - 1. Let m(i) = -5*i - 5 - o + 4. Determine m(-2).
8
Let t = 24 - 13. Suppose o + 5 = t. Let w(h) = -2*h + 4. Determine w(o).
-8
Let s(d) = d**3 - 3*d**2 + d. Let v = -4 - -7. Suppose -3*z = 4*c - 10, v*c - 4*c - 6 = 5*z. Suppose -5*i = c*q + 11 + 1, -3*q - 3*i = 6. What is s(q)?
-2
Let i(l) = 29*l + 27*l - 8 - 55*l. Determine i(6).
-2
Let d(n) be the third derivative of -n**4/24 - 5*n**3/2 + 12*n**2. Give d(-7).
-8
Suppose 4*a + 40 = -5*z, -2*z - 4*a = -5*a + 3. Let j(q) be the first derivative of q**2/2 + 4*q - 25. Give j(z).
0
Let t = 32 - 37. Let u(s) = -s**3 - 5*s**2 + 4. What is u(t)?
4
Let s(k) = 71*k**2 - 4*k + 2 - 73*k**2 - k. Give s(-4).
-10
Let g(u) be the second derivative of -13*u**3 - 15*u**2/2 - 2*u. Let i(o) = 11*o + 2. Let r(h) = 2*g(h) + 15*i(h). Determine r(1).
9
Let a(j) = -j**3 - 5*j**2 - j - 1. Let y be a(-5). Let l(w) = 3*w - 4. Calculate l(y).
8
Let p(m) = -m + 1. Let w(b) = 2*b - 1. Let z(s) = -4*p(s) - 3*w(s). Determine z(2).
-5
Suppose 0 = 3*y - y - 4. Let d(c) = -4 - c + y*c + 0. Suppose -55 = -22*q + 11*q. Determine d(q).
1
Let t(v) = 0*v**2 + 4*v - 6*v + 2*v**2. Let q(a) = -a**2 - 10*a - 18. Let f be q(-8). Give t(f).
12
Suppose 3*w = 2*j + 27 + 16, 3*j - 33 = -3*w. Suppose -8 = g - w. Let k(i) = i - 7. Give k(g).
-2
Let h(o) = 4*o**2 - 3*o**2 + 16*o - 8*o + 8. Let m = -6 - 0. Let x be h(m). Let u(w) = -w**3 - 3*w**2 + 4*w + 1. Give u(x).
1
Let b(s) = -s**2 + s. Let o(f) = f - 8. Let j be o(8). Suppose j = 5*l - l - 4. Suppose d + l = 2*d. Calculate b(d).
0
Suppose -4*u + 7 + 0 = k, 4*k = 2*u - 8. Let r(q) = -q + q**u + 2*q**2 + 4*q - 4*q**2. What is r(5)?
-10
Let x(z) = -4*z - 2. Let d be 6 - -1 - 3 - 1. Give x(d).
-14
Let r(c) = -10 + 4*c + 20 - 20 - 5*c. Give r(-7).
-3
Let u(n) = 2*n - 3. Let p(c) be the first derivative of -c**2/2 - 3. Let k be p(-6). Give u(k).
9
Let g(o) be the first derivative of o**4/4 - 8*o**3/3 + 3*o**2 + 4*o - 4. Let f(k) = -k**3 + 8*k**2 - 6*k - 4. Let t(i) = 3*f(i) + 2*g(i). Calculate t(7).
3
Let w(m) be the second derivative of -m**3/6 + m. What is w(2)?
-2
Suppose -2*i + 0*i = -2, -i + 4 = 3*l. Let j(h) = -h + 2. Let t(n) = 6*n - 2. Let a(v) = j(v) + t(v). Calculate a(l).
5
Let i(j) = -j**3 + 5*j**2 - 4*j - 2. Suppose -4*q = 2*z - 11 - 13, q + 2*z - 9 = 0. Let g = q + -3. Let k = 2 + g. Determine i(k).
-2
Let k(l) = -l**3 + 5*l**2 + 6*l - 3. Let n = -27 + 33. Give k(n).
-3
Let k(f) be the second derivative of -2*f - 1/6*f**3 + 0 - 1/2*f**4 - 1/2*f**2. Determine k(-1).
-6
Let t(w) be the first derivative of -w + 4*w**2 - 3 - 3*w**2 + 8*w. What is t(-5)?
-3
Suppose -6 = j - 4*j. Let h = j - 2. Let m(o) = h*o + 0*o - o. Calculate m(2).
-2
Let f(i) = -i**3 - 29*i**2 - 29*i - 30. Let q be f(-28). Let s(j) = -3 + j**2 + j - 2*j - 2*j. What is s(q)?
7
Let p(a) be the second derivative of -a**4/12 + a**3/3 + 3*a. Determine p(4).
-8
Let j(s) be the third derivative of 1/2*s**3 + 1/8*s**4 + 1/360*s**6 + 0 - 1/60*s**5 + 0*s - 4*s**2. Let o(y) be the first derivative of j(y). What is o(2)?
3
Let d(t) = -t**3 + 5*t - 1 - 6*t - 1. Suppose -3*s = s. Give d(s).
-2
Let j(w) be the third derivative of -w**6/120 - w**5/20 + w**4/6 - w**3/3 + w**2. Suppose -15*o = 46 + 14. What is j(o)?
-2
Let g(n) = 2*n - 3 - 2*n - n + 0*n. Give g(-6).
3
Let p(r) = -5*r**3 + 6*r**2 + 4*r - 14. Let f(v) = 11*v**3 - 12*v**2 - 9*v + 29. Let a(n) = -6*f(n) - 13*p(n). Determine a(-6).
-4
Let n(v) be the second derivative of 0*v**3 - 8*v - 1/12*v**4 + 0 - v**2. Give n(3).
-11
Let o(n) = -6*n**2 - 7*n + 2. Let l(w) = 3*w**2 + 4*w - 1. Let z(h) = -7*l(h) - 4*o(h). Suppose -r - 2*r = -3. Let s be -2 + (r + 